*h?
7
Suppose -4*c = -0*c - 3*u + 6, -3*c + 2*u = 4. Let w = 45 - c. What is the units digit of w?
5
Suppose 0 = 3*y - 4*r - 13843, 3*y - 13883 = -163*r + 159*r. What is the thousands digit of y?
4
What is the thousands digit of ((-9)/6)/(3/(-2452))?
1
What is the tens digit of -12*15/(-20)*187?
8
Let y(w) = w**3 - 21*w**2 + 38*w + 5. Let b be y(19). Let n(s) = s**2 + 5*s - 5. What is the tens digit of n(b)?
4
Let m(l) = 106*l + 1. Let y(s) = s**2 - s - 4. Let h be y(3). Let u be m(h). Suppose 3*t = -63 + u. What is the units digit of t?
0
Suppose 5*y = n - 353, -3*n + 991 = -9*y + 11*y. What is the units digit of n?
3
Let l(d) = 2*d**2 - 2*d. Suppose 4*p + c + 39 = 0, -3*c + 9 + 14 = -2*p. Let h be (-12)/p*30/9. What is the tens digit of l(h)?
2
Let r(h) = 30*h + 9. Suppose -5*l + 5 + 15 = 0. What is the hundreds digit of r(l)?
1
Let o = -2705 + 2706. What is the units digit of o?
1
Let b be (-82 - -3) + 8/(4/1). Let l = b + 215. What is the units digit of l?
8
Suppose -39*a = -40347 - 133359. What is the units digit of a?
4
Suppose 0*m - 24 = -6*m. Suppose 2*a - 2*i - 128 = 0, -i + m*i = 5*a - 322. What is the tens digit of a?
6
Let o(i) = -i**3 + 11*i**2 + 14*i - 7. Let b = -39 + 49. What is the tens digit of o(b)?
3
Suppose -37*x = -34*x - 741. Suppose -14*i = -13*i - x. What is the units digit of i?
7
Let w(l) = -l**3 + 3*l**2 + 6*l - 4. Let f be w(4). Suppose 0 = f*v - 13 + 1. Suppose -4*p = -v*k - 141, k - 156 = -5*p - 2*k. What is the units digit of p?
3
Suppose -2*m = -3*d - 31, 5*m + 2*d - 52 = d. What is the units digit of (3 + 0 + -2)*m?
1
Let u be ((-15)/(-6))/((-5)/(-10)). Suppose 0 = -5*i + 2*q - 8, 7 = -4*i - u*q - 6. What is the tens digit of 3/i*(-552)/36?
2
Let w(a) = a**2 + 14*a + 14. Let n be w(-13). Let u(v) = 8*v - 3. Let z be u(n). Suppose z*c - 24 = 236. What is the units digit of c?
2
Let m = 14 - 12. Let k(u) = 3*u**2 + 10 + 1 + m*u - 11. What is the units digit of k(-1)?
1
Suppose -4*p + 39 = -p. Suppose -i = -2*i - p. Let k = 18 + i. What is the units digit of k?
5
Suppose 0 = q, -29*u + 30*u - 5*q = 2115. What is the hundreds digit of u?
1
Let z(h) = h - 1. Let v(n) = 2*n**2 + 16*n - 15. Let m(y) = v(y) - z(y). Let k(u) be the first derivative of m(u). What is the units digit of k(14)?
1
Suppose 2*a - 10002 = 4*v, -4*v - 24540 = -3*a - 9531. What is the hundreds digit of a?
0
Let f(s) = -8*s - 10. Let m be f(-13). Let d = 54 + m. Suppose 0 = -4*b + z + 2*z + d, b - 48 = -2*z. What is the units digit of b?
0
Suppose 6*g - 26264 = -8*g. What is the hundreds digit of g?
8
Let k = 803 - -73. What is the units digit of k?
6
Let h = -4023 - -5640. What is the tens digit of h?
1
Suppose -s + 14 = -56. Suppose 2*w - s = 98. Suppose 4*k - w = k. What is the units digit of k?
8
Let a be 7/((-14)/(-288)) - 2. Let y = 215 - a. Let r = y + -26. What is the units digit of r?
7
Let r(q) = -7*q**2 + 8*q + 9. Let c(u) = -6*u**2 + 9*u + 8. Let p(h) = 6*c(h) - 5*r(h). Let l be p(14). What is the tens digit of l/(-5) + 414/15?
2
Let v be 12/(-4) + 4 + -13. Let w = v + 12. Suppose 5*l - 1 - 14 = w. What is the units digit of l?
3
Let i(d) = 3*d**2 - 51*d + 2. What is the units digit of i(29)?
6
Let f(d) = 21*d**2 + 13*d - 2. What is the tens digit of f(-5)?
5
Suppose 6*x - 3*r - 4171 = x, 3*x + 2*r = 2495. What is the hundreds digit of x?
8
Let w(l) be the third derivative of 5*l**4/24 + 11*l**3/6 + 19*l**2. Let g = 8 + -3. What is the units digit of w(g)?
6
Suppose 2*w = 4*s - 32, 3*s - 24 = -s - 2*w. Suppose -2*g - s = -41. Suppose -i + 22 = g. What is the units digit of i?
5
Let b be 5*(-3)/25*-5. Suppose -b*u + 195 = 5*y - 0*y, 3*u = 5*y - 195. What is the units digit of y?
9
Let v(d) = 3*d**3 - 5*d**2 - 8*d - 8. Let k be v(7). Let z = k - 433. What is the tens digit of z?
8
Let q = -7551 - -11086. What is the tens digit of q?
3
Let r(l) = -23*l - 26. Suppose 6*f + 10 = -32. What is the tens digit of r(f)?
3
Let n = -1704 + 2874. What is the hundreds digit of n?
1
Let n(y) = 2*y**3 + 6*y**2 - 3*y - 4. What is the hundreds digit of n(5)?
3
Let b = 3209 + -2119. What is the units digit of b?
0
Let m = -66 + 122. Suppose -3*w + 4*y + 25 = 0, -1 = 2*w - 2*y - 15. Suppose m = -u + w*u. What is the units digit of u?
8
Let n(x) = -x**2 - x. Let b be n(0). Let u = -89 - -125. Suppose b = 5*c, 3*i + 3*c = 4*c + u. What is the tens digit of i?
1
Let p(i) = -12*i + 0*i**3 + i**3 - 8*i**2 - 5*i**2 - i + 15. Suppose f + 3*t = 2, -5*f - 4*t = -11 - 43. What is the tens digit of p(f)?
2
Suppose -3*m + 121 = -r + 410, r - 284 = 4*m. What is the tens digit of r?
0
Suppose -4*w - 381 = -2645. What is the hundreds digit of w?
5
What is the hundreds digit of 405511/412 - (-2)/16*-2?
9
Let j be 1*-4*3/(-12). Let u = 2 + j. Suppose -2 + 3 = -c, u*c + 189 = 3*g. What is the units digit of g?
2
Let v(p) = 12*p**2 + 4*p + 5. Let f be v(-2). Suppose j = 6*j + 5*t - f, 5*j - 2*t = 52. What is the units digit of j?
0
Suppose 6 = 3*l - 5*x, 4*x - 13 = -1. Suppose -l*a + 5*a + 4 = 0. Suppose -5*d + 2*g + 326 = 5*g, 0 = a*d + 3*g - 125. What is the units digit of d?
7
Let b be ((-24)/20)/(6/(-20)). Suppose -5*g + 14 = -b*g. What is the tens digit of 5*3 - (g + -11)?
1
Let d = -968 + 1557. What is the tens digit of d?
8
Let s be (-1)/5 + (-4)/(-20). Suppose a - 15 = 4*l, s = 3*l - 2 + 11. Suppose 7 = 5*v - a*u, v + 3*u = -0*u + 5. What is the units digit of v?
2
Suppose 0 = -3*v + 5*j + 10, -7*j + 60 = 4*v - 2*j. Let u(z) = z**3 - 11*z**2 + 12*z - 4. Let h be u(v). Suppose 11*l + 90 = h*l. What is the tens digit of l?
1
Suppose 5 + 5 = 5*z. Let l(n) = n - 5. Let i be l(0). What is the units digit of (z/i)/((-5)/50)?
4
Suppose 7 = -5*u - 23. Let r be (4/u)/(2/(-15)). Suppose -5*f + 240 = -r*g, 0 = -f - 0*f + 5*g + 60. What is the tens digit of f?
4
Let p(n) = -n**3 - 8*n**2 + 7*n - 16. Let h be p(-10). Let q = -33 + h. What is the units digit of q?
1
Let m = 65 + -15. Let r = 8 + m. What is the units digit of r?
8
Let c be (-30 + 11)*8/(-2). Suppose -d + 5*w = -c, 2*w - 5 = 2*d - 149. What is the units digit of d?
1
Suppose 0 = 3*r - 3233 + 980. Suppose 7*m - r = -51. What is the tens digit of m?
0
Let d(i) = 9*i**2 + 32*i + 3. What is the hundreds digit of d(-11)?
7
Suppose 32*q = 36*q, r - 2*q - 491 = 0. What is the hundreds digit of r?
4
Let k(r) = -r + 4. Let n be k(-5). Let p = -6 + n. Suppose -35 = -p*q - 2*q. What is the units digit of q?
7
Suppose 0 = -10*f + f + 135. What is the units digit of f?
5
Suppose -6*h - 19 - 71 = 0. Let u(i) = -i**3 - 16*i**2 - 19*i - 3. What is the tens digit of u(h)?
5
Let b(o) = -o**2 - o + 7. Let z be b(0). Suppose -z*d + 867 - 216 = 0. What is the units digit of d?
3
Suppose -2*g + 11 - 1 = 0. Suppose -187 = -2*a + 3*o, g*a - 241 - 237 = 4*o. What is the units digit of a?
8
Let y = 221 - -263. Suppose -y = -5*m - 129. Suppose -9 + m = 2*x. What is the tens digit of x?
3
Let k be 2*(1/(-2) + -3). Let x be 1/3 + k/21. Suppose -5*l + 146 + 109 = x. What is the tens digit of l?
5
Let h(b) = -b**3 + 23*b**2 - 21*b + 49. What is the hundreds digit of h(21)?
4
Suppose 121 = 3*d + 31. Suppose -5*q - k + 36 = 0, -2*q - 3*q + d = -5*k. What is the units digit of q?
7
Let s(k) = -3 + 3*k**2 + 30*k - 2 + 0 - 40*k. What is the units digit of s(5)?
0
Let p(q) = 3*q**2 + 48*q + 483. What is the hundreds digit of p(-21)?
7
Suppose -178 = 4*q - 1658. What is the hundreds digit of q?
3
Let v = 66 - -110. Let x = v + -98. What is the tens digit of x?
7
Let x be ((-3)/(-2))/((-3)/(-8)). Suppose -x = -2*s + 6. What is the units digit of s?
5
Let s(z) be the second derivative of -2*z**3/3 - 6*z**2 - 9*z. Let c be s(-9). What is the units digit of 55/6 + (-4)/c?
9
Let v(i) = -51*i**3 + i**2 + i + 1. Let r = 86 + -87. What is the tens digit of v(r)?
5
What is the hundreds digit of (-12)/10*(5/(-1) - 140)?
1
Suppose 7*a - 3*a = 12. Suppose -3*w = -m - 189, 0 = a*w + 3*m + 2*m - 207. What is the tens digit of w?
6
Suppose -2*i + 5*p - 46 = 0, -4 = -4*p + 4. Suppose 2*s = t - 15, 5*s - 10 = 3*s. Let m = i + t. What is the units digit of m?
7
Let a(d) be the third derivative of -d**5/60 + 7*d**4/12 + d**3/3 - 4*d**2. What is the tens digit of a(11)?
3
Suppose -26*v = -25*v - 561. What is the hundreds digit of v?
5
Suppose 21*o = 1361 + 10357. Wh